{"id":24,"date":"2024-10-01T10:53:51","date_gmt":"2024-10-01T10:53:51","guid":{"rendered":"https:\/\/meiamaratonatorresvedras.pt\/?page_id=24"},"modified":"2025-12-04T17:16:40","modified_gmt":"2025-12-04T17:16:40","slug":"edicoes-anteriores","status":"publish","type":"page","link":"https:\/\/meiamaratonatorresvedras.pt\/index.php\/edicoes-anteriores\/","title":{"rendered":"EDI\u00c7\u00d5ES ANTERIORES"},"content":{"rendered":"\n<div style=\"height:50px\" aria-hidden=\"true\" class=\"wp-block-spacer\"><\/div>\n\n\n\n<div class=\"wp-block-columns is-layout-flex wp-container-core-columns-is-layout-9d6595d7 wp-block-columns-is-layout-flex\">\n<div class=\"wp-block-column has-nv-site-bg-color has-neve-link-color-background-color has-text-color has-background has-link-color wp-elements-63b7a626c2a578134d2d5a45f0050a50 is-layout-flow wp-block-column-is-layout-flow\">\n<div style=\"height:20px\" aria-hidden=\"true\" class=\"wp-block-spacer\"><\/div>\n\n\n<div class=\"wp-block-image\">\n<figure class=\"aligncenter size-full is-resized\"><img loading=\"lazy\" decoding=\"async\" width=\"305\" height=\"365\" src=\"https:\/\/meiamaratonatorresvedras.pt\/wp-content\/uploads\/2025\/10\/MMTV-2026-06.png\" alt=\"\" class=\"wp-image-385\" style=\"width:50px\" srcset=\"https:\/\/meiamaratonatorresvedras.pt\/wp-content\/uploads\/2025\/10\/MMTV-2026-06.png 305w, https:\/\/meiamaratonatorresvedras.pt\/wp-content\/uploads\/2025\/10\/MMTV-2026-06-251x300.png 251w\" sizes=\"auto, (max-width: 305px) 100vw, 305px\" \/><\/figure>\n<\/div>\n\n\n<p class=\"has-text-align-center\">5\u00aa Edi\u00e7\u00e3o<\/p>\n\n\n\n<p class=\"has-text-align-center has-medium-font-size\"><strong>11 janeiro 2026<\/strong><\/p>\n\n\n\n<div class=\"wp-block-buttons is-content-justification-center is-layout-flex wp-container-core-buttons-is-layout-16018d1d wp-block-buttons-is-layout-flex\">\n<div class=\"wp-block-button\"><a class=\"wp-block-button__link wp-element-button\" href=\"https:\/\/meiamaratonatorresvedras.pt\/index.php\/informacoes\/\">INSCRI\u00c7\u00d5ES ABERTAS<\/a><\/div>\n<\/div>\n\n\n\n<div style=\"height:20px\" aria-hidden=\"true\" class=\"wp-block-spacer\"><\/div>\n<\/div>\n\n\n\n<div class=\"wp-block-column has-nv-site-bg-color has-neve-link-color-background-color has-text-color has-background has-link-color wp-elements-f1211dfcb15111371cc6b1aa8052270b is-layout-flow wp-block-column-is-layout-flow\">\n<div style=\"height:20px\" aria-hidden=\"true\" class=\"wp-block-spacer\"><\/div>\n\n\n<div class=\"wp-block-image\">\n<figure class=\"aligncenter size-full is-resized\"><img loading=\"lazy\" decoding=\"async\" width=\"305\" height=\"365\" src=\"https:\/\/meiamaratonatorresvedras.pt\/wp-content\/uploads\/2025\/10\/MMTV-2026-06.png\" alt=\"\" class=\"wp-image-385\" style=\"width:50px\" srcset=\"https:\/\/meiamaratonatorresvedras.pt\/wp-content\/uploads\/2025\/10\/MMTV-2026-06.png 305w, https:\/\/meiamaratonatorresvedras.pt\/wp-content\/uploads\/2025\/10\/MMTV-2026-06-251x300.png 251w\" sizes=\"auto, (max-width: 305px) 100vw, 305px\" \/><\/figure>\n<\/div>\n\n\n<p class=\"has-text-align-center\">4\u00aa Edi\u00e7\u00e3o<\/p>\n\n\n\n<p class=\"has-text-align-center has-medium-font-size\"><strong>12 janeiro 2025<\/strong><\/p>\n\n\n\n<div class=\"wp-block-buttons is-content-justification-center is-layout-flex wp-container-core-buttons-is-layout-16018d1d wp-block-buttons-is-layout-flex\">\n<div class=\"wp-block-button\"><a class=\"wp-block-button__link wp-element-button\" href=\"https:\/\/www.facebook.com\/media\/set\/?set=a.1016601223843539&amp;type=3\" target=\"_blank\" rel=\"noreferrer noopener\">VER ALBUM<\/a><\/div>\n<\/div>\n\n\n\n<div style=\"height:20px\" aria-hidden=\"true\" class=\"wp-block-spacer\"><\/div>\n<\/div>\n\n\n\n<div class=\"wp-block-column has-nv-site-bg-color has-neve-link-color-background-color has-text-color has-background has-link-color wp-elements-4690af179e143436b79dc0603583fd99 is-layout-flow wp-block-column-is-layout-flow\">\n<div style=\"height:20px\" aria-hidden=\"true\" class=\"wp-block-spacer\"><\/div>\n\n\n<div class=\"wp-block-image\">\n<figure class=\"aligncenter size-full is-resized\"><img loading=\"lazy\" decoding=\"async\" width=\"305\" height=\"365\" src=\"https:\/\/meiamaratonatorresvedras.pt\/wp-content\/uploads\/2025\/10\/MMTV-2026-06.png\" alt=\"\" class=\"wp-image-385\" style=\"width:50px\" srcset=\"https:\/\/meiamaratonatorresvedras.pt\/wp-content\/uploads\/2025\/10\/MMTV-2026-06.png 305w, https:\/\/meiamaratonatorresvedras.pt\/wp-content\/uploads\/2025\/10\/MMTV-2026-06-251x300.png 251w\" sizes=\"auto, (max-width: 305px) 100vw, 305px\" \/><\/figure>\n<\/div>\n\n\n<p class=\"has-text-align-center\">3\u00aa Edi\u00e7\u00e3o<\/p>\n\n\n\n<p class=\"has-text-align-center has-medium-font-size\"><strong>14 janeiro 2024<\/strong><\/p>\n\n\n\n<div class=\"wp-block-buttons is-content-justification-center is-layout-flex wp-container-core-buttons-is-layout-16018d1d wp-block-buttons-is-layout-flex\">\n<div class=\"wp-block-button\"><a class=\"wp-block-button__link wp-element-button\" href=\"https:\/\/www.facebook.com\/media\/set\/?set=a.774537838049880&amp;type=3\" target=\"_blank\" rel=\"noreferrer noopener\">VER ALBUM<\/a><\/div>\n<\/div>\n\n\n\n<div style=\"height:20px\" aria-hidden=\"true\" class=\"wp-block-spacer\"><\/div>\n<\/div>\n\n\n\n<div class=\"wp-block-column has-nv-site-bg-color has-neve-link-color-background-color has-text-color has-background has-link-color wp-elements-23c036a65c912c42e6a19c009edb596d is-layout-flow wp-block-column-is-layout-flow\">\n<div style=\"height:20px\" aria-hidden=\"true\" class=\"wp-block-spacer\"><\/div>\n\n\n<div class=\"wp-block-image\">\n<figure class=\"aligncenter size-full is-resized\"><img loading=\"lazy\" decoding=\"async\" width=\"305\" height=\"365\" src=\"https:\/\/meiamaratonatorresvedras.pt\/wp-content\/uploads\/2025\/10\/MMTV-2026-06.png\" alt=\"\" class=\"wp-image-385\" style=\"width:50px\" srcset=\"https:\/\/meiamaratonatorresvedras.pt\/wp-content\/uploads\/2025\/10\/MMTV-2026-06.png 305w, https:\/\/meiamaratonatorresvedras.pt\/wp-content\/uploads\/2025\/10\/MMTV-2026-06-251x300.png 251w\" sizes=\"auto, (max-width: 305px) 100vw, 305px\" \/><\/figure>\n<\/div>\n\n\n<p class=\"has-text-align-center\">2\u00aa Edi\u00e7\u00e3o<\/p>\n\n\n\n<p class=\"has-text-align-center has-medium-font-size\"><strong>22 janeiro 2023<\/strong><\/p>\n\n\n\n<div class=\"wp-block-buttons is-content-justification-center is-layout-flex wp-container-core-buttons-is-layout-16018d1d wp-block-buttons-is-layout-flex\">\n<div class=\"wp-block-button\"><a class=\"wp-block-button__link wp-element-button\" href=\"https:\/\/www.facebook.com\/media\/set\/?set=a.8989803914426238&amp;type=3\" target=\"_blank\" rel=\"noreferrer noopener\">VER ALBUM<\/a><\/div>\n<\/div>\n\n\n\n<div style=\"height:20px\" aria-hidden=\"true\" class=\"wp-block-spacer\"><\/div>\n<\/div>\n<\/div>\n\n\n\n<div style=\"height:30px\" aria-hidden=\"true\" class=\"wp-block-spacer\"><\/div>\n\n\n\n<hr class=\"wp-block-separator alignfull has-text-color has-neve-link-color-color has-alpha-channel-opacity has-neve-link-color-background-color has-background is-style-wide\"\/>\n\n\n\n<div style=\"height:50px\" aria-hidden=\"true\" class=\"wp-block-spacer\"><\/div>\n\n\n\n<div class=\"wp-block-columns is-layout-flex wp-container-core-columns-is-layout-9d6595d7 wp-block-columns-is-layout-flex\">\n<div class=\"wp-block-column is-layout-flow wp-block-column-is-layout-flow\"><\/div>\n\n\n\n<div class=\"wp-block-column is-layout-flow wp-block-column-is-layout-flow\">\n<p class=\"has-text-align-center has-small-font-size\">PATROCINADOR OFICIAL<\/p>\n\n\n<div class=\"wp-block-image\">\n<figure class=\"aligncenter size-full is-resized\"><img loading=\"lazy\" decoding=\"async\" width=\"2560\" height=\"1268\" src=\"https:\/\/meiamaratonatorresvedras.pt\/wp-content\/uploads\/2025\/10\/ArenaShopping_Marcas-scaled.png\" alt=\"\" class=\"wp-image-422\" style=\"width:151px;height:auto\" srcset=\"https:\/\/meiamaratonatorresvedras.pt\/wp-content\/uploads\/2025\/10\/ArenaShopping_Marcas-scaled.png 2560w, https:\/\/meiamaratonatorresvedras.pt\/wp-content\/uploads\/2025\/10\/ArenaShopping_Marcas-300x149.png 300w, https:\/\/meiamaratonatorresvedras.pt\/wp-content\/uploads\/2025\/10\/ArenaShopping_Marcas-1024x507.png 1024w, https:\/\/meiamaratonatorresvedras.pt\/wp-content\/uploads\/2025\/10\/ArenaShopping_Marcas-768x381.png 768w, https:\/\/meiamaratonatorresvedras.pt\/wp-content\/uploads\/2025\/10\/ArenaShopping_Marcas-1536x761.png 1536w, https:\/\/meiamaratonatorresvedras.pt\/wp-content\/uploads\/2025\/10\/ArenaShopping_Marcas-2048x1015.png 2048w\" sizes=\"auto, (max-width: 2560px) 100vw, 2560px\" \/><\/figure>\n<\/div><\/div>\n\n\n\n<div class=\"wp-block-column is-layout-flow wp-block-column-is-layout-flow\">\n<p class=\"has-text-align-center has-small-font-size\">PARCEIRO INSTITUCIONAL<\/p>\n\n\n<div class=\"wp-block-image\">\n<figure class=\"aligncenter size-full\"><img loading=\"lazy\" decoding=\"async\" width=\"154\" height=\"60\" src=\"https:\/\/meiamaratonatorresvedras.pt\/wp-content\/uploads\/2024\/10\/MM-TORRES-VEDRAS-2023-07.png\" alt=\"\" class=\"wp-image-73\"\/><\/figure>\n<\/div><\/div>\n\n\n\n<div class=\"wp-block-column is-layout-flow wp-block-column-is-layout-flow\">\n<p class=\"has-text-align-center has-small-font-size\">ORGANIZA\u00c7\u00c3O<\/p>\n\n\n<div class=\"wp-block-image\">\n<figure class=\"aligncenter size-full\"><img loading=\"lazy\" decoding=\"async\" width=\"154\" height=\"60\" src=\"https:\/\/meiamaratonatorresvedras.pt\/wp-content\/uploads\/2024\/10\/MM-TORRES-VEDRAS-2023-08.png\" alt=\"\" class=\"wp-image-74\"\/><\/figure>\n<\/div><\/div>\n\n\n\n<div class=\"wp-block-column is-layout-flow wp-block-column-is-layout-flow\"><\/div>\n<\/div>\n\n\n\n<p class=\"has-text-align-center has-small-font-size\">APOIOS<\/p>\n\n\n\n<div class=\"wp-block-columns alignfull are-vertically-aligned-center is-layout-flex wp-container-core-columns-is-layout-9d6595d7 wp-block-columns-is-layout-flex\">\n<div class=\"wp-block-column is-vertically-aligned-center is-layout-flow wp-block-column-is-layout-flow\"><\/div>\n\n\n\n<div class=\"wp-block-column is-vertically-aligned-center is-layout-flow wp-block-column-is-layout-flow\"><div class=\"wp-block-image\">\n<figure class=\"aligncenter size-full is-resized\"><img loading=\"lazy\" decoding=\"async\" width=\"184\" height=\"111\" src=\"https:\/\/meiamaratonatorresvedras.pt\/wp-content\/uploads\/2024\/10\/logo.png\" alt=\"\" class=\"wp-image-76\" style=\"width:100px\"\/><\/figure>\n<\/div><\/div>\n\n\n\n<div class=\"wp-block-column is-vertically-aligned-center is-layout-flow wp-block-column-is-layout-flow\"><div class=\"wp-block-image\">\n<figure class=\"aligncenter size-large is-resized\"><img loading=\"lazy\" decoding=\"async\" width=\"1024\" height=\"778\" src=\"https:\/\/meiamaratonatorresvedras.pt\/wp-content\/uploads\/2024\/10\/Vimeiro-01-1024x778.png\" alt=\"\" class=\"wp-image-78\" style=\"width:64px;height:auto\" srcset=\"https:\/\/meiamaratonatorresvedras.pt\/wp-content\/uploads\/2024\/10\/Vimeiro-01-1024x778.png 1024w, https:\/\/meiamaratonatorresvedras.pt\/wp-content\/uploads\/2024\/10\/Vimeiro-01-300x228.png 300w, https:\/\/meiamaratonatorresvedras.pt\/wp-content\/uploads\/2024\/10\/Vimeiro-01-768x584.png 768w, https:\/\/meiamaratonatorresvedras.pt\/wp-content\/uploads\/2024\/10\/Vimeiro-01-1536x1167.png 1536w, https:\/\/meiamaratonatorresvedras.pt\/wp-content\/uploads\/2024\/10\/Vimeiro-01-2048x1556.png 2048w\" sizes=\"auto, (max-width: 1024px) 100vw, 1024px\" \/><\/figure>\n<\/div><\/div>\n\n\n\n<div class=\"wp-block-column is-vertically-aligned-center is-layout-flow wp-block-column-is-layout-flow\">\n<figure class=\"wp-block-image size-large\"><img loading=\"lazy\" decoding=\"async\" width=\"1024\" height=\"204\" src=\"https:\/\/meiamaratonatorresvedras.pt\/wp-content\/uploads\/2025\/12\/DECATHLON-1024x204.jpeg\" alt=\"\" class=\"wp-image-452\" srcset=\"https:\/\/meiamaratonatorresvedras.pt\/wp-content\/uploads\/2025\/12\/DECATHLON-1024x204.jpeg 1024w, https:\/\/meiamaratonatorresvedras.pt\/wp-content\/uploads\/2025\/12\/DECATHLON-300x60.jpeg 300w, https:\/\/meiamaratonatorresvedras.pt\/wp-content\/uploads\/2025\/12\/DECATHLON-768x153.jpeg 768w, https:\/\/meiamaratonatorresvedras.pt\/wp-content\/uploads\/2025\/12\/DECATHLON-1536x305.jpeg 1536w, https:\/\/meiamaratonatorresvedras.pt\/wp-content\/uploads\/2025\/12\/DECATHLON.jpeg 2048w\" sizes=\"auto, (max-width: 1024px) 100vw, 1024px\" \/><\/figure>\n<\/div>\n\n\n\n<div class=\"wp-block-column is-vertically-aligned-center is-layout-flow wp-block-column-is-layout-flow\"><div class=\"wp-block-image\">\n<figure class=\"aligncenter size-large is-resized\"><img loading=\"lazy\" decoding=\"async\" width=\"1024\" height=\"691\" src=\"https:\/\/meiamaratonatorresvedras.pt\/wp-content\/uploads\/2024\/10\/icone-letras-brancas-c-revista-1024x691.jpg\" alt=\"\" class=\"wp-image-79\" style=\"width:74px;height:auto\" srcset=\"https:\/\/meiamaratonatorresvedras.pt\/wp-content\/uploads\/2024\/10\/icone-letras-brancas-c-revista-1024x691.jpg 1024w, https:\/\/meiamaratonatorresvedras.pt\/wp-content\/uploads\/2024\/10\/icone-letras-brancas-c-revista-300x202.jpg 300w, https:\/\/meiamaratonatorresvedras.pt\/wp-content\/uploads\/2024\/10\/icone-letras-brancas-c-revista-768x518.jpg 768w, https:\/\/meiamaratonatorresvedras.pt\/wp-content\/uploads\/2024\/10\/icone-letras-brancas-c-revista.jpg 1398w\" sizes=\"auto, (max-width: 1024px) 100vw, 1024px\" \/><\/figure>\n<\/div><\/div>\n\n\n\n<div class=\"wp-block-column is-vertically-aligned-center is-layout-flow wp-block-column-is-layout-flow\"><div class=\"wp-block-image\">\n<figure class=\"aligncenter size-full is-resized\"><img loading=\"lazy\" decoding=\"async\" width=\"297\" height=\"99\" src=\"https:\/\/meiamaratonatorresvedras.pt\/wp-content\/uploads\/2024\/10\/ALMENDRO.jpg\" alt=\"\" class=\"wp-image-201\" style=\"width:128px;height:auto\"\/><\/figure>\n<\/div><\/div>\n\n\n\n<div class=\"wp-block-column is-vertically-aligned-center is-layout-flow wp-block-column-is-layout-flow\"><div class=\"wp-block-image\">\n<figure class=\"aligncenter size-full is-resized\"><img loading=\"lazy\" decoding=\"async\" width=\"300\" height=\"102\" src=\"https:\/\/meiamaratonatorresvedras.pt\/wp-content\/uploads\/2024\/10\/LOGO-02.jpg\" alt=\"\" class=\"wp-image-80\" style=\"width:118px;height:auto\"\/><\/figure>\n<\/div><\/div>\n\n\n\n<div class=\"wp-block-column is-vertically-aligned-center is-layout-flow wp-block-column-is-layout-flow\"><\/div>\n<\/div>\n\n\n\n<div class=\"wp-block-cover alignfull\" style=\"min-height:119px;aspect-ratio:unset;\"><span aria-hidden=\"true\" class=\"wp-block-cover__background has-neve-link-color-background-color has-background-dim-100 has-background-dim\"><\/span><div class=\"wp-block-cover__inner-container is-layout-constrained wp-block-cover-is-layout-constrained\">\n<div style=\"height:50px\" aria-hidden=\"true\" class=\"wp-block-spacer\"><\/div>\n\n\n\n<div class=\"wp-block-columns are-vertically-aligned-center is-layout-flex wp-container-core-columns-is-layout-9d6595d7 wp-block-columns-is-layout-flex\">\n<div class=\"wp-block-column is-vertically-aligned-center is-layout-flow wp-block-column-is-layout-flow\" style=\"flex-basis:33.33%\"><div class=\"wp-block-image\">\n<figure class=\"aligncenter size-large is-resized\"><img loading=\"lazy\" decoding=\"async\" width=\"1024\" height=\"293\" src=\"https:\/\/meiamaratonatorresvedras.pt\/wp-content\/uploads\/2024\/10\/logo_xistarca_vector_BRANCO-01-1024x293.png\" alt=\"\" class=\"wp-image-81\" style=\"width:200px\" srcset=\"https:\/\/meiamaratonatorresvedras.pt\/wp-content\/uploads\/2024\/10\/logo_xistarca_vector_BRANCO-01-1024x293.png 1024w, https:\/\/meiamaratonatorresvedras.pt\/wp-content\/uploads\/2024\/10\/logo_xistarca_vector_BRANCO-01-300x86.png 300w, https:\/\/meiamaratonatorresvedras.pt\/wp-content\/uploads\/2024\/10\/logo_xistarca_vector_BRANCO-01-768x220.png 768w, https:\/\/meiamaratonatorresvedras.pt\/wp-content\/uploads\/2024\/10\/logo_xistarca_vector_BRANCO-01-1536x440.png 1536w, https:\/\/meiamaratonatorresvedras.pt\/wp-content\/uploads\/2024\/10\/logo_xistarca_vector_BRANCO-01-2048x586.png 2048w\" sizes=\"auto, (max-width: 1024px) 100vw, 1024px\" \/><\/figure>\n<\/div><\/div>\n\n\n\n<div class=\"wp-block-column is-vertically-aligned-center is-layout-flow wp-block-column-is-layout-flow\" style=\"flex-basis:66.66%\">\n<p class=\"has-nv-site-bg-color has-text-color has-link-color has-small-font-size wp-elements-fba3a03663c381f23fb0d4fb3b3c9e7e\">APOIO AO CLIENTE: <br>Cal\u00e7ada da Tapada, 71A 1349-012 Lisboa | Hor\u00e1rio de funcionamento: Segunda a Sexta-feira: 09h30 \u00e0s 13h e das 14h \u00e0s 18h30 <br>Contatos: Tel.: 213 616 160 \/ geral@xistarca.pt \/ resultados@xistarca.pt<\/p>\n<\/div>\n<\/div>\n<\/div><\/div>\n","protected":false},"excerpt":{"rendered":"<p>5\u00aa Edi\u00e7\u00e3o 11 janeiro 2026 4\u00aa Edi\u00e7\u00e3o 12 janeiro 2025 3\u00aa Edi\u00e7\u00e3o 14 janeiro 2024 2\u00aa Edi\u00e7\u00e3o 22 janeiro 2023 PATROCINADOR OFICIAL PARCEIRO INSTITUCIONAL ORGANIZA\u00c7\u00c3O APOIOS<\/p>\n","protected":false},"author":2,"featured_media":0,"parent":0,"menu_order":0,"comment_status":"closed","ping_status":"closed","template":"","meta":{"_uag_custom_page_level_css":"","neve_meta_sidebar":"full-width","neve_meta_container":"contained","neve_meta_enable_content_width":"on","neve_meta_content_width":100,"neve_meta_title_alignment":"","neve_meta_author_avatar":"","neve_post_elements_order":"","neve_meta_disable_header":"","neve_meta_disable_footer":"","neve_meta_disable_title":"on","footnotes":""},"class_list":["post-24","page","type-page","status-publish","hentry"],"uagb_featured_image_src":{"full":false,"thumbnail":false,"medium":false,"medium_large":false,"large":false,"1536x1536":false,"2048x2048":false,"neve-blog":false},"uagb_author_info":{"display_name":"Erica Cardoso","author_link":"https:\/\/meiamaratonatorresvedras.pt\/index.php\/author\/erica-cardosoxistarca-pt\/"},"uagb_comment_info":0,"uagb_excerpt":"5\u00aa Edi\u00e7\u00e3o 11 janeiro 2026 4\u00aa Edi\u00e7\u00e3o 12 janeiro 2025 3\u00aa Edi\u00e7\u00e3o 14 janeiro 2024 2\u00aa Edi\u00e7\u00e3o 22 janeiro 2023 PATROCINADOR OFICIAL PARCEIRO INSTITUCIONAL ORGANIZA\u00c7\u00c3O APOIOS","_links":{"self":[{"href":"https:\/\/meiamaratonatorresvedras.pt\/index.php\/wp-json\/wp\/v2\/pages\/24","targetHints":{"allow":["GET"]}}],"collection":[{"href":"https:\/\/meiamaratonatorresvedras.pt\/index.php\/wp-json\/wp\/v2\/pages"}],"about":[{"href":"https:\/\/meiamaratonatorresvedras.pt\/index.php\/wp-json\/wp\/v2\/types\/page"}],"author":[{"embeddable":true,"href":"https:\/\/meiamaratonatorresvedras.pt\/index.php\/wp-json\/wp\/v2\/users\/2"}],"replies":[{"embeddable":true,"href":"https:\/\/meiamaratonatorresvedras.pt\/index.php\/wp-json\/wp\/v2\/comments?post=24"}],"version-history":[{"count":37,"href":"https:\/\/meiamaratonatorresvedras.pt\/index.php\/wp-json\/wp\/v2\/pages\/24\/revisions"}],"predecessor-version":[{"id":455,"href":"https:\/\/meiamaratonatorresvedras.pt\/index.php\/wp-json\/wp\/v2\/pages\/24\/revisions\/455"}],"wp:attachment":[{"href":"https:\/\/meiamaratonatorresvedras.pt\/index.php\/wp-json\/wp\/v2\/media?parent=24"}],"curies":[{"name":"wp","href":"https:\/\/api.w.org\/{rel}","templated":true}]}}